2. Let b(j) = -4*j**2 + 4*j - 21. Let l(c) = -3*a(c) - b(c). What is l(5)?
2
Suppose 2*u - 20 = -14. Let b(a) = 2*a**2 + 7*a. Let v(m) = 4*m**2 + 7*m. Let x(c) = u*b(c) - 2*v(c). Give x(3).
3
Suppose -2*a - a = 0. Let v(p) be the third derivative of p**4/24 + 5*p**3/6 + 20*p**2 - 1. Let i(c) = -4*c - 20. Let n(w) = -2*i(w) - 9*v(w). What is n(a)?
-5
Let i(u) = -u**2 - 3*u - 6. Suppose -4*s + 429 = 5*d + 74, -4*d = -2*s - 284. Let k = d + -76. Determine i(k).
-16
Let d(z) = z**2 + 6*z - 1. Suppose 0 = 164*i - 152*i. What is d(i)?
-1
Let n be (-7)/((-588)/1498) + -17. Let b(k) be the third derivative of n*k**3 + 1/4*k**4 + 0*k + 0 + 1/120*k**6 + 15*k**2 - 7/60*k**5. Determine b(6).
5
Let s(q) = 5*q - 3*q - 2 - 5*q**2 + 49*q - 50*q. Determine s(2).
-20
Suppose -4*o = -5*u + 1, 0 = -4*o - 11 - 5. Let i = 103 - 48. Let s(v) = 112*v**2 - i*v**2 - 56*v**2 - 2*v. Give s(u).
15
Let o(a) = 8*a - 21*a - 280 + 15*a + 11*a - 77. Calculate o(27).
-6
Let g = -413 - -407. Let a(j) = -1 - 10*j**2 + 12*j**2 + 4*j + 8*j. Give a(g).
-1
Let a be 10 - ((-728)/(-112) + 1/(-2)). Let h(j) = j**3 - 5*j**2 + 7*j - 5. Give h(a).
7
Let j = -2 - -5. Suppose -5*g = -17*g + 36. Let h(r) = r - g + j + 4. What is h(-5)?
-1
Let g be 2/((-15)/((-45)/(-12)) - -3) + -3. Let z(x) = -2*x**2 - 8*x - 8. Calculate z(g).
-18
Let z(p) = -p**2 - 8*p - 1. Let m(k) = 139*k - 146. Let f be m(1). Calculate z(f).
6
Let l(u) be the third derivative of -u**6/720 + u**5/40 + 37*u**4/12 + u**3/6 - 92*u**2. Let r(j) be the second derivative of l(j). Give r(4).
-1
Let d(l) = 6*l**2 + 12*l + 19. Let s be d(-2). Let f be 154/s + 12/(-114). Let j(h) = 2*h - 9. Calculate j(f).
7
Let g be 24/9 - (-2)/(-3). Let p be (0/(-3 + 6 + 0))/(-1). Let c(k) = 0*k**2 - k**2 + 3*k - 7 + p*k + 9. What is c(g)?
4
Let u(j) = -j - 1. Let c be u(-3). Let i be (468/8 + -1)*(-10)/(-25). Let b(s) = 2*s + 13 + 0*s + i - 5*s - 33. Calculate b(c).
-3
Let z(r) = -r**3 + 5*r**2 + 3*r - 3. Suppose -7*i + 40 = -5*i. Let l = i + -15. Let u be (-4)/6*(-8 - 5/l). Determine z(u).
-21
Let o(c) = -c**3 + c**2 + 3*c + 1. Let b = -80 - -93. Suppose a - w - 5 = 0, 0 = -10*a + b*a + w - 35. Let t be (-22)/a - (-5)/(-25)*-1. What is o(t)?
7
Let x(t) = 8*t - 21. Let z be x(-6). Let b = -66 - z. Suppose -5*c + 31 = -b*j, 13 = -j + 6*c - 3*c. Let m(q) = -2*q - 1. Determine m(j).
13
Let y(t) = -t**2 - 6*t - 82. Let m = -8804 + 8804. Calculate y(m).
-82
Let m(b) = -2*b**2 - 10*b - 26. Let v = -16654 + 16649. Calculate m(v).
-26
Let f(q) = 6*q + 21. Suppose -18*m - 19*m = -7*m + 150. Determine f(m).
-9
Let r(m) = -m**2 + m + 13. Suppose -2*q - 5 = -3*q. Let b(p) = p - 1. Let s(j) = q*b(j) + r(j). Let y(o) = -o**2 - 5*o + 7. Let u be y(-5). Determine s(u).
1
Let w = -393 - -396. Let m(j) = -107*j + 3 + j**2 - 2 - w + 51*j + 49*j. Determine m(7).
-2
Let w(k) = 47*k + 54*k - 104*k + 4 + 5 - 5. Give w(9).
-23
Let f be (-5)/(2/(-24)*10). Let j be 8 - -2*(-9)/f. Let a(s) = -s**3 + 4*s**2 + 4*s - 2. Calculate a(j).
-7
Let u(d) = -388*d + 420 + 801*d - 352*d. What is u(-7)?
-7
Let l = 34 + 16. Let b(f) = -142 + l - f + 47 + 48. Suppose 2*w - 25 = -3*w. Determine b(w).
-2
Let g(d) = -d**3 + 13*d**2 + 14*d + 12. Let j(m) be the first derivative of m**4/4 - 4*m**3/3 + 3*m**2 + 5*m + 180. Let t be j(3). Give g(t).
12
Let g(j) be the second derivative of -3*j + 5/2*j**2 + 5/12*j**4 + 1/3*j**3 + 6 - 1/20*j**5. Calculate g(6).
-19
Let v(c) = 3*c**3 - c**2 + 1. Suppose -3*x - 2*x - 3*s = -67, -3*x + 46 = -4*s. Let u = 19733 + -19722. Suppose 0 = u*o - x*o - 3. What is v(o)?
-3
Let d(y) = y**2 - 19*y + 10. Let v be d(18). Let w(b) = 6*b**2 + 13*b + 10. Let h(s) = 7*s**2 + 14*s + 11. Let a(l) = -5*h(l) + 6*w(l). Determine a(v).
5
Let y = 5254 - 5256. Let r(t) = 2*t**3 + t**2 + 5*t + 4. What is r(y)?
-18
Let h(a) = 5*a + 2. Suppose -y + m = -0*m - 8, 4*m = 0. Suppose -4*j + 0*j + 8 = 0, 0 = k + 5*j - y. Give h(k).
-8
Let z(n) = -n**3 - 6*n**2 + 21*n + 40. Let r(q) = -79*q + 1256. Let o be r(16). What is z(o)?
0
Suppose 5*m - m - 8 = 0. Suppose m*c = 45 + 121. Let d = c - 86. Let o(s) = -2*s**2 - 2*s + 2. Determine o(d).
-10
Let z(s) be the third derivative of 108*s**2 + 0 - 1/2*s**3 + 1/24*s**4 + 0*s. Give z(-5).
-8
Let p(o) = -3*o - 2. Let l(c) = c**3 + 144*c**2 - 900*c + 1. Let h be l(-150). What is p(h)?
-5
Let w(t) = 7*t - 1. Let z(p) = -p + 3. Let d(b) = -b + 4. Let s(n) = -2*d(n) + 3*z(n). Let x(m) = -5*s(m) - w(m). Give x(-3).
2
Let r(c) be the third derivative of -c**5/60 - 13*c**4/12 - 26*c**3/3 + 29*c**2. Determine r(-27).
-79
Let a(d) = d**3 - 30*d**2 + 27*d + 59. Let w be ((-178)/4 - -1)*(-28)/42. Let z be a(w). Let i(q) = 13*q**3 - 2*q**2 + q. What is i(z)?
12
Let u = -3037 - -3032. Let p(f) = 7*f**2 + 6*f + 13. Let w(v) = -13*v**2 - 12*v - 25. Let c(b) = -11*p(b) - 6*w(b). What is c(u)?
2
Let c(j) = -18*j**3 - 4*j**2 + 3*j + 1. Let s(n) = 29*n**3 + 6*n**2 - 5*n - 1. Let t(g) = -8*c(g) - 5*s(g). Give t(2).
-1
Let p(x) = -16*x - 7. Let s(t) = -1. Let o(w) = -p(w) + 6*s(w). Let r(h) = h**2 - 110*h + 426. Let m be r(106). Give o(m).
33
Let x be (-2)/((-7)/(-130) + (-36)/234). Let m be (-16)/x*(4 - -11). Let q(d) = d**3 + 12*d**2 + d + 13. Give q(m).
1
Let b(z) = 2*z - 2. Suppose -3*a - 4*c = 10 + 6, 4*c = -2*a - 12. Let f(p) = p**3 + 4*p**2 + 6*p + 15. Let v be f(a). Determine b(v).
-20
Let w(g) = g**2 - g - 6. Suppose 719*c - 718*c - 3 = 0. What is w(c)?
0
Let n(z) = -z**3 + 11*z**2 - 14*z - 17. Suppose 2371*q + 198 = 2393*q. Give n(q).
19
Let a(q) = 90 - 4*q + 81 + 43 - q. Let k be a(44). Let p(l) = 2*l - 2. Give p(k).
-14
Let r(u) = -22 - 20 - 10*u + 4*u + 43 + 5*u + 2*u. Let v be ((-12)/(-9))/(2/(-15)). Give r(v).
-9
Suppose -3*c - 8*u = -7*u - 924, 1542 = 5*c + u. Suppose -313*h + 28 = -c*h. Let x(b) = b**2 - 11*b + 10. What is x(h)?
-18
Let d(h) = -29*h**2 + h + 9 - h**3 + 9*h**2 + 13*h**2 - 8*h + 3*h**2 - 5*h**2. Suppose 2*r = 5*a - 20 + 60, 0 = -5*r. Give d(a).
1
Suppose -25 = p - 6*p. Let k(a) = 86773 + 4*a - 173563 + 86778. Give k(p).
8
Let n be (4*(-1)/(-8))/(15/210). Let f(g) = 4*g - 28. Give f(n).
0
Let c(q) = 7 - q + q + q - 4*q + 4*q. Let k(x) = -2*x**3 - 2*x - 1. Let g be k(-1). Suppose -g - 18 = -3*s. Give c(s).
14
Let r = 0 + -1. Let w(d) = 8*d**2 + d + 9. Let f(o) = 15*o**2 + 2*o + 21. Let k(v) = 3*f(v) - 7*w(v). Calculate k(r).
-10
Suppose -5*q + 10*q + 5*j - 260 = 0, 5*j + 156 = 3*q. Let w(k) = -10*k - 34*k + 4 + 2*k**2 - k**2 + q*k. Calculate w(-4).
-12
Let d(h) be the third derivative of -h**5/30 + 9*h**4/4 + 59*h**3/6 - 2*h**2 - 186. Determine d(28).
3
Suppose 231*w - 230*w = -14 + 1. Let o(s) = 2*s + 39. Give o(w).
13
Let h(k) = -2*k**2 - k. Let w(v) = v**3 - 8*v**2 - 7*v + 9. Let o(i) = -3*h(i) + w(i). Let x be o(3). Let t(g) = -g**2 + 4*g - 9. What is t(x)?
-21
Let k(z) = -2*z**3 + 12*z**2 + 5. Suppose -5*y = j - 29, 4*y = -6*j + 3*j + 21. Let x be k(y). Let o(p) = -p**2 + 6*p + 2. What is o(x)?
7
Let u = -65 + 89. Let a = -30 + u. Let b(x) = 9 - 3*x - 8 + 4*x. Determine b(a).
-5
Let z be 1*-1 - (-6 - (-12)/6). Suppose 5*b + z*y + 1 = 3*b, 0 = 5*b + 2*y - 25. Let u(w) = w**2 - 6*w - 1. Calculate u(b).
6
Let o(p) be the third derivative of -3*p**5/20 - p**4/12 + p**3/6 + 21*p**2. Suppose 0 = -5*v + 36 - 216. Let g be (1/(-6))/(6/v). What is o(g)?
-10
Suppose 2*h + 118*h + 146 + 214 = 0. Let x(b) = -5*b + 8. Give x(h).
23
Let t(x) = -2*x**3 + 1847 - 1846 + x - x**2 + 3*x**3. Let h(q) = -2*q**2 - 22*q + 2. Let m be h(-11). Suppose -2*c = -2*a + m, 0 + 6 = a + 4*c. Give t(a).
7
Let h(k) = 5 + 2 + 1 - 2*k. Suppose 0 = 49*z - 50*z + n + 15, 0 = z - 4*n - 30. Suppose -3*v - 2*u + 25 = 5, -v = 4*u - z. What is h(v)?
-4
Let b(h) = h**3 - 5*h**2 + 5*h - 2. Let s = 109 + -104. Suppose -i = -5*q + 30, 29 = -s*q - 3*i + 79. Let u = 11 - q. Calculate b(u).
2
Let l(d) = d - 27. Let h be 11/(1/(5 - 0 - 4)). Determine l(h).
-16
Let a = 7434 + -7426. Let v(s) = -60*s + 489. What is v(a)?
9
Let j(v) = -8*v**2 + 49. Let h(r) = 21*r**2 - 123. Let w(k) = -5*h(k) - 13*j(k). What is w(-9)?
-103
Let q(j) = -3*j**2 + 4*j - 2. Let h(z) = 6*z**2 + 34*z + 23. Let a be h(-5). What is q(a)?
-17
Let c(m) = m**2 + 14*m + 2. Suppose -5*u = -12*u - 98. Let s be c(u). Let j(p) = -3*p - 7 + s*p + 3*p - p. Give j(10).
3
Let l = 42 + -32. Let j(u) = 11*u**3 - l*u*